{"id":105,"date":"2019-05-20T16:16:54","date_gmt":"2019-05-20T14:16:54","guid":{"rendered":"http:\/\/sternwind.at\/?page_id=105"},"modified":"2019-05-20T16:17:08","modified_gmt":"2019-05-20T14:17:08","slug":"datenschutzmitteilung","status":"publish","type":"page","link":"http:\/\/sternwind.at\/?page_id=105","title":{"rendered":"Datenschutzmitteilung"},"content":{"rendered":"\n<p><strong>Datenschutzmitteilung zur Website: <\/strong><a href=\"http:\/\/sternwind.at\"><strong>sternwind.at<\/strong><\/a><\/p>\n\n\n\n<p>Diese Website wird von STERNWIND Errichtungs- und Betriebs-GmbH, Gabauerweg 26, 4190 Bad Leonfelden (im Folgenden \u201ewir\u201c bzw. \u201euns\u201c) betrieben. Diese Mitteilung beschreibt wie wir, als datenschutzrechtlich Verantwortliche, Ihre personenbezogenen Daten im Zusammenhang mit dieser Website verarbeiten.&nbsp;Welche Daten wir \u00fcber Sie verarbeiten&nbsp;Im Zuge Ihres Besuches dieser Website werden wir KEINE pers\u00f6nlichen Informationen erheben.Cookies&nbsp;Auf dieser Website werden sogenannte Cookies verwendet. Ein Cookie ist eine kleine Datei, die auf Ihrem Computer gespeichert werden kann, wenn Sie eine Website besuchen. Grunds\u00e4tzlich werden Cookies verwendet, um Nutzern zus\u00e4tzliche Funktionen auf einer Website zu bieten. Sie k\u00f6nnen zum Beispiel verwendet werden, um Ihnen eine Navigation auf einer Website zu erleichtern, es Ihnen zu erm\u00f6glichen, eine Website dort weiter zu verwenden, wo Sie sie verlassen haben und\/oder Ihre Pr\u00e4ferenzen und Einstellungen zu speichern, wenn Sie die Website wieder besuchen. Cookies k\u00f6nnen auf keine anderen Daten auf Ihrem Computer zugreifen, diese lesen oder ver\u00e4ndern.&nbsp;Die Cookies auf dieser Website sind sogenannte Session-Cookies. Sie werden automatisch gel\u00f6scht, wenn Sie unsere Website wieder verlassen.Zweck der Datenverarbeitung&nbsp;Wir werden Ihre personenbezogenen Daten zu folgenden Zwecken verarbeiten:&nbsp;Um Nutzungsstatistiken durch den Provider erstellen zu k\u00f6nnen.Rechtsgrundlagen der Verarbeitung&nbsp;Die rechtliche Grundlage f\u00fcr die Verarbeitung Ihrer personenbezogenen Daten ist unser \u00fcberwiegendes berechtigtes Interesse (gem\u00e4\u00df Art 6 Abs 1 lit f EU Datenschutz-Grundverordnung), welches darin besteht, die oben unter Punkt 3 genannten Zwecke zu erreichen.&nbsp;\u00dcbermittlung Ihrer personenbezogenen DatenZu den oben genannten Zwecken werden wir Ihre personenbezogenen Daten an keine Empf\u00e4nger \u00fcbermitteln.Dauer der Speicherung&nbsp;Wir werden Ihre Daten grunds\u00e4tzlich f\u00fcr eine Dauer von drei Monaten speichern. Eine l\u00e4ngere Speicherung erfolgt nur, soweit dies erforderlich ist, um festgestellte Angriffe auf unsere Website zu untersuchen.&nbsp;Ihre Rechte im Zusammenhang mit personenbezogenen Daten&nbsp;Sie sind unter anderem berechtigt (unter den Voraussetzungen anwendbaren Rechts),&nbsp;zu \u00fcberpr\u00fcfen, ob und welche personenbezogenen Daten wir \u00fcber Sie gespeichert haben und Kopien dieser Daten zu erhalten,&nbsp;die Berichtigung, Erg\u00e4nzung oder das L\u00f6schen Ihrer personenbezogenen Daten, die falsch sind oder nicht rechtskonform verarbeitet werden, zu verlangen,&nbsp;von uns zu verlangen, die Verarbeitung Ihrer personenbezogenen Daten, einzuschr\u00e4nken, und&nbsp;unter bestimmten Umst\u00e4nden die Verarbeitung Ihrer personenbezogenen Daten zu widersprechen oder die f\u00fcr das Verarbeiten zuvor gegebene Einwilligung zu widerrufen,&nbsp;Daten\u00fcbertragbarkeit zu verlangen,&nbsp;die Identit\u00e4t von Dritten, an welche Ihre personenbezogenen Daten \u00fcbermittelt werden, zu kennen und&nbsp;bei der zust\u00e4ndigen Beh\u00f6rde Beschwerde zu erheben.&nbsp;Unsere Kontaktdaten&nbsp;Sollten Sie zu der Verarbeitung Ihrer personenbezogenen Daten Fragen oder Anliegen haben, wenden Sie sich bitte an uns:&nbsp;<\/p>\n\n\n\n<p>Gesch\u00e4ftsf\u00fchrer: Mag. Andreas Reichl<br>STERNWIND Errichtungs- und Betriebs-GmbH<br>A-4190 Bad Leonfelden, Gabauerweg 26<br><a href=\"mailto:sternwind@sternwind.at\">sternwind@sternwind.at<\/a><\/p>\n\n\n\n<p>Zuletzt aktualisiert am 19. Mai 2018<\/p>\n","protected":false},"excerpt":{"rendered":"<p>Datenschutzmitteilung zur Website: sternwind.at Diese Website wird von STERNWIND Errichtungs- und Betriebs-GmbH, Gabauerweg 26, 4190 Bad Leonfelden (im Folgenden \u201ewir\u201c bzw. \u201euns\u201c) betrieben. Diese Mitteilung beschreibt wie wir, als datenschutzrechtlich Verantwortliche, Ihre personenbezogenen Daten im Zusammenhang mit dieser Website verarbeiten.&nbsp;Welche Daten wir \u00fcber Sie verarbeiten&nbsp;Im Zuge Ihres Besuches dieser Website werden wir KEINE pers\u00f6nlichen Informationen &hellip; <\/p>\n<p class=\"link-more\"><a href=\"http:\/\/sternwind.at\/?page_id=105\" class=\"more-link\"><span class=\"screen-reader-text\">\u201eDatenschutzmitteilung\u201c <\/span>weiterlesen<\/a><\/p>\n","protected":false},"author":3,"featured_media":0,"parent":4,"menu_order":0,"comment_status":"closed","ping_status":"closed","template":"","meta":{"footnotes":""},"class_list":["post-105","page","type-page","status-publish","hentry","entry"],"_links":{"self":[{"href":"http:\/\/sternwind.at\/index.php?rest_route=\/wp\/v2\/pages\/105","targetHints":{"allow":["GET"]}}],"collection":[{"href":"http:\/\/sternwind.at\/index.php?rest_route=\/wp\/v2\/pages"}],"about":[{"href":"http:\/\/sternwind.at\/index.php?rest_route=\/wp\/v2\/types\/page"}],"author":[{"embeddable":true,"href":"http:\/\/sternwind.at\/index.php?rest_route=\/wp\/v2\/users\/3"}],"replies":[{"embeddable":true,"href":"http:\/\/sternwind.at\/index.php?rest_route=%2Fwp%2Fv2%2Fcomments&post=105"}],"version-history":[{"count":1,"href":"http:\/\/sternwind.at\/index.php?rest_route=\/wp\/v2\/pages\/105\/revisions"}],"predecessor-version":[{"id":106,"href":"http:\/\/sternwind.at\/index.php?rest_route=\/wp\/v2\/pages\/105\/revisions\/106"}],"up":[{"embeddable":true,"href":"http:\/\/sternwind.at\/index.php?rest_route=\/wp\/v2\/pages\/4"}],"wp:attachment":[{"href":"http:\/\/sternwind.at\/index.php?rest_route=%2Fwp%2Fv2%2Fmedia&parent=105"}],"curies":[{"name":"wp","href":"https:\/\/api.w.org\/{rel}","templated":true}]}}